t f = k + 47. What is the units digit of f?
9
Suppose -u = -4*j - 141, 2*u - 5*u = -5*j - 178. Let k = -24 - j. What is the tens digit of k?
1
Let f(r) = 2*r**3 - r**2 - r. Let z be f(2). What is the tens digit of 1/(-2*1) - (-355)/z?
3
Let q(f) = 22*f**2 - f - 2. Let i be q(-1). Let k = i - 20. Let m = k - -41. What is the tens digit of m?
4
Suppose -359 = 7*n - 1164. What is the tens digit of n?
1
Let g be 2/(-7) + 192/84. Suppose -4*s = a - 5, 4*s + 22 = 4*a + g. Suppose s = 3*i - 3. What is the units digit of i?
1
Let v be ((-60)/25)/(6/(-40)). Suppose 0 = -2*p + v. Let l = p - -6. What is the units digit of l?
4
Let v = 1370 - 605. What is the hundreds digit of v?
7
Suppose 13*u - 399 = 10053. What is the hundreds digit of u?
8
Let h(s) = -s**2 + s + 572. Let d be h(0). Suppose 2*t - 276 = a, d = 4*t + 2*a + a. What is the hundreds digit of t?
1
Let b be 13 + 3 + 2 + 2 + 2. Suppose 2*f = b + 140. What is the units digit of f?
1
Suppose 4*f - 623 = -107. Suppose 0 = f*t - 125*t - 1008. What is the units digit of t?
2
Suppose 3*k - 639 = -3*f, -5*f - 7*k = -8*k - 1095. Suppose 5*u + f = 878. What is the units digit of u?
2
Let m(b) = -b**2 + 6*b + 8. Let k be m(8). Let c(r) = r**3 + 8*r**2 - 8*r - 9. What is the units digit of c(k)?
5
Let g be (18/4)/((-6)/(-40)). Suppose -r = -0*i - 4*i - 140, -5*r = -5*i - 625. Suppose -g = -5*k + r. What is the units digit of k?
0
Let j(s) = 2*s + 6. Let n be 33/(5 - (0 + 4)). Let h = -29 + n. What is the tens digit of j(h)?
1
Let i(l) = l**3 + 5*l**2 - 6*l + 2. Let p be i(-6). Suppose -p*m - 1 = -11. Suppose -m*n + 84 = -61. What is the units digit of n?
9
Let q(j) = -j**2 + 74*j + 33. What is the hundreds digit of q(39)?
3
Let l(x) = 11*x + 10. Let r = -35 + 40. What is the tens digit of l(r)?
6
Let b(z) = -z + 7. Let j be b(5). Suppose 0 = j*s + 8 - 2. Let l = s - -6. What is the units digit of l?
3
Let z(n) = 38*n**2 - 7*n + 8. Let t be 2/((-4)/16*-4). What is the units digit of z(t)?
6
What is the tens digit of -122*-2*(-6)/(-8)?
8
Suppose -17 = -2*g - 7. Suppose -2*c + 7*c - 4*r = 225, -r = g. What is the units digit of c?
1
Let d(w) = -w**3 - 8*w**2 - 9*w - 10. Let i be d(-7). Suppose v = i*v - 264. What is the units digit of v?
8
Suppose 13 = 2*n + 5. Let q = n - 5. What is the units digit of (2 - -1) + q/1?
2
What is the units digit of (380 + -5)*(1 + 0)?
5
Let x(f) = -3*f - 15. Let d be x(-11). Let y = d - 13. Suppose 0 = 3*t + 2*h - 86, -t + y*t - 116 = -3*h. What is the tens digit of t?
2
Suppose 0 - 24 = 2*p. What is the tens digit of (-1 + p/(-3))*7?
2
Let b be (-8)/12*(23 + -2). Let f be 555/105 + 4/b. Suppose 0 = f*d - 25 - 5. What is the units digit of d?
6
Let q = 51 - 29. Let t = q + -26. What is the units digit of ((-51)/(-6))/((-2)/t)?
7
Let c be (-1056)/(-108) - (-4)/18. Suppose -5*j - 67 = -4*p - 4*j, 2*j - c = 0. What is the units digit of 112/p + (-2)/9?
6
Let g = -3 - 3. Let p be (-40)/(-15) - (-4)/g. Let q(r) = 3*r - 2. What is the units digit of q(p)?
4
Suppose c - 79 = -4*w, c - 179 = -c - w. Suppose -2*x + c - 35 = 0. What is the units digit of x?
8
Let l = 30 + -53. Let i = l + 96. Let h = -52 + i. What is the units digit of h?
1
Suppose -384 - 1811 = -5*t. What is the units digit of t?
9
Suppose 6*l - 3*c = 4*l + 17, 0 = 4*c + 12. Suppose -o = l*o - 215. Suppose -5*u + 62 = -o. What is the tens digit of u?
2
Let f(o) = -4*o - 8. Let z(k) = 1. Suppose -5*m - 10 = p + 13, -3*m - 5 = 5*p. Let n(v) = p*f(v) + 14*z(v). What is the units digit of n(-3)?
2
Let a(v) = v**2 - 7*v + 1. Let u be a(6). Suppose -22*l + 26*l - 60 = 0. Let i = u + l. What is the units digit of i?
0
Suppose -5*k = -2*k + 5*c - 1120, c - 2 = 0. What is the units digit of k?
0
What is the hundreds digit of (1365/(-20))/(-13)*692?
6
Suppose 5*m + w = 17533, 2*m - 6*m - w = -14026. What is the units digit of m?
7
Let v(m) = m**2 + 2*m - 3. Let c be v(-12). Suppose 4*w - w - c = 0. What is the units digit of w?
9
Let k = -94 + 96. Suppose 318 = k*r + 4*h, -493 = -0*r - 3*r - 2*h. What is the units digit of r?
7
Suppose 5*n = 3*j - 625, 0*j + 5*j - n = 1049. What is the units digit of j?
0
What is the units digit of ((-18858)/(-35))/(4 + 54/(-15))?
7
Suppose 19*m = 25*m - 5598. What is the tens digit of m?
3
Let t = 707 + 68. What is the tens digit of t?
7
Suppose -2*a + 7254 = -3*s, 5*s - 794 = a - 4435. What is the hundreds digit of a?
6
Let z = -56 + 56. Suppose 5*n - 6*n + 186 = -2*w, z = n - 4*w - 194. What is the units digit of n?
8
Suppose 3*k - 11 = 4. Suppose -k*a - 3*g + 0*g = -223, -1 = -g. What is the units digit of a?
4
Suppose -2*s = 3*s + 125. Let z = 11 + s. Let y = z + 28. What is the units digit of y?
4
Let r(c) = -c**3 - 5*c**2 - 4*c + 2. Let m be r(-4). Let x be 6/m + (-82)/2. Let v = 77 + x. What is the units digit of v?
9
Suppose -3*i + 2 = -i, -5*i = g - 1247. What is the units digit of g?
2
Let v(u) = u**2 - 12*u + 1. Let l be v(9). Let f = 28 + l. Suppose -z = -o - f*z + 4, o = -3*z + 2. What is the units digit of o?
5
Let k(s) = s**2 - 7*s + 6. Let r be k(8). Let b = r - -8. Let m = -10 + b. What is the tens digit of m?
1
Let o be (-1)/(-2) - 70/(-4). Let r be (-310)/o - 4/(-18). Let s = -15 - r. What is the units digit of s?
2
Suppose -5*u + 6653 = 4*m, m + 10*u - 1666 = 6*u. What is the units digit of m?
2
Let t = -172 + 304. Suppose 4*z = 4*w - t, 4*w - 3*z - 127 = -0*z. What is the tens digit of w?
2
Let q = 57 + 99. Let f = q - 11. What is the hundreds digit of f?
1
Suppose 5*b + 182 = 2*s, -2*s + 6*s + 5*b = 394. Let k = s - 79. What is the units digit of k?
7
Suppose -2*o + 36 = 3*o - 2*r, -3*o - 4*r = -32. Suppose q - o = -3*q. What is the tens digit of (-1)/(q - (-54)/(-26))?
1
Let t(b) = 377*b**2 - 2*b + 3. What is the tens digit of t(1)?
7
What is the hundreds digit of ((-1068)/(-16) + -4)/((-5)/(-340))?
2
Suppose 2*v - 5*u - 541 = 0, 3*v + 4*u = 3*u + 803. What is the units digit of v?
8
Let k(t) = t**3 - 2*t**2 + t - 1. Let z be ((-30)/45)/((-4)/18). Suppose 0*x + 12 = z*x. What is the tens digit of k(x)?
3
Let j be ((-187)/(-22))/((-1)/(-8)). What is the tens digit of j + (4 - 2) + 1?
7
Let o = 14 - 11. Suppose 6*c - o*c = 0. Suppose -3*p + 12 + 9 = c. What is the units digit of p?
7
Let z = 1012 - 953. What is the tens digit of z?
5
Let f be ((-47)/1 + -1)*6. What is the units digit of (-10)/(-3)*f/(-10)?
6
Let w = 1040 - -966. What is the units digit of w?
6
Suppose -3*o = 3*o. Suppose o*h = -2*h + 8. Suppose h*z = -t - 3 + 162, -4*z = -2*t - 174. What is the units digit of z?
1
Let y(w) = w**3 - 13*w**2 + 11*w + 7. Let h be y(12). Let c = h + 3. What is the tens digit of ((-3)/3)/(c/46)?
2
Suppose -5*j = 3*q + q + 10, -6 = -4*q + 3*j. Suppose i - 737 = -5*p, 3*p + 3*i - 2*i - 443 = q. Suppose 7*z - p = 322. What is the units digit of z?
7
Let u = 129 - 43. Let t = u + -55. What is the units digit of t?
1
Let r = -5 + 10. Let u = -4 + r. What is the units digit of 3 + (u - -2 - -20)?
6
Suppose -9*z + 7341 + 543 = 0. What is the units digit of z?
6
Let b(d) = 3*d + 1. Let q be b(2). Let y be (q - 8/2) + 2. Suppose 3*g - 180 + 49 = -5*n, 0 = -4*g + y*n + 233. What is the tens digit of g?
5
Let y(o) = -o - 12. Let w be y(-12). Suppose w = 5*f + 2*q - 296, f - 66 - 7 = -5*q. What is the units digit of f?
8
Suppose 82747 = 11*f + 21092. What is the thousands digit of f?
5
Suppose -21 = -3*y + 2*i + 199, -4*y = 4*i - 300. What is the tens digit of y/(1/1)*1?
7
Suppose -300*c + 283*c = -35853. What is the units digit of c?
9
Let u(w) = 2 - 5 - 1 - 7*w. Let y be -2 + (-1)/(0 + -2 + 3). What is the units digit of u(y)?
7
What is the tens digit of 4/(-12) - (-19535)/15?
0
Let w(m) be the first derivative of 1/3*m**3 + 5/2*m**2 - 1 + 3*m. What is the units digit of w(-7)?
7
Let w(d) be the third derivative of -d**6/120 + d**5/15 + d**4/8 - d**3/6 - 2*d**2. Let u be w(3). What is the units digit of (-4 - u)*(-6)/9?
4
Let l(x) be the third derivative of -x**6/120 - 4*x**5/15 - x**4/12 + 5*x**3/2 - 8*x**2. What is the units digit of l(-16)?
7
Suppose -37*o = -42*o - 50. What is the tens digit of ((-4)/(-10) + (-298)/20)*o?
4
Let u be 172*(-2)/(-4)*1. Let x = u + -44. Suppose -2*v + x = 2*z, -5*z - 2 = -v + 19. What is the units digit of v?
1
Let y(a) be the first derivative of a